{"id":871,"date":"2025-10-13T15:47:02","date_gmt":"2025-10-13T15:47:02","guid":{"rendered":"https:\/\/micochesincarnet.es\/?page_id=871"},"modified":"2025-10-14T09:12:59","modified_gmt":"2025-10-14T09:12:59","slug":"elementor-871","status":"publish","type":"page","link":"https:\/\/micochesincarnet.es\/?page_id=871","title":{"rendered":"RECAMBIOS"},"content":{"rendered":"\t\t<div data-elementor-type=\"wp-page\" data-elementor-id=\"871\" class=\"elementor elementor-871\">\n\t\t\t\t<div class=\"elementor-element elementor-element-857286b e-flex e-con-boxed e-con e-parent\" data-id=\"857286b\" data-element_type=\"container\" data-e-type=\"container\" data-settings=\"{&quot;background_background&quot;:&quot;classic&quot;}\">\n\t\t\t\t\t<div class=\"e-con-inner\">\n\t\t\t\t<div class=\"elementor-element elementor-element-3e5f114 elementor-widget elementor-widget-heading\" data-id=\"3e5f114\" data-element_type=\"widget\" data-e-type=\"widget\" data-widget_type=\"heading.default\">\n\t\t\t\t\t<h2 class=\"elementor-heading-title elementor-size-default\">Recambios<\/h2>\t\t\t\t<\/div>\n\t\t\t\t\t<\/div>\n\t\t\t\t<\/div>\n\t\t<div class=\"elementor-element elementor-element-4d062b5 e-flex e-con-boxed e-con e-parent\" data-id=\"4d062b5\" data-element_type=\"container\" data-e-type=\"container\">\n\t\t\t\t\t<div class=\"e-con-inner\">\n\t\t\t\t<div class=\"elementor-element elementor-element-858d299 elementor-widget elementor-widget-heading\" data-id=\"858d299\" data-element_type=\"widget\" data-e-type=\"widget\" data-widget_type=\"heading.default\">\n\t\t\t\t\t<h2 class=\"elementor-heading-title elementor-size-default\">\ud83e\udde9 Recambios y accesorios originales AIXAM<\/h2>\t\t\t\t<\/div>\n\t\t\t\t<div class=\"elementor-element elementor-element-3d93398 elementor-widget elementor-widget-heading\" data-id=\"3d93398\" data-element_type=\"widget\" data-e-type=\"widget\" data-widget_type=\"heading.default\">\n\t\t\t\t\t<h2 class=\"elementor-heading-title elementor-size-default\"><p>En <b>Miniautos Marcam<\/b> disponemos de un amplio stock de recambios y accesorios originales para coches sin carnet, garantizando calidad, compatibilidad y seguridad en cada componente.<\/p>\n<p>Ya sea para mantenimiento, reparaci\u00f3n o personalizaci\u00f3n, te ofrecemos el mejor servicio y asesoramiento.<p><\/h2>\t\t\t\t<\/div>\n\t\t\t\t<div class=\"elementor-element elementor-element-51b75c3 elementor-widget-divider--view-line elementor-widget elementor-widget-divider\" data-id=\"51b75c3\" data-element_type=\"widget\" data-e-type=\"widget\" data-widget_type=\"divider.default\">\n\t\t\t\t\t\t\t<div class=\"elementor-divider\">\n\t\t\t<span class=\"elementor-divider-separator\">\n\t\t\t\t\t\t<\/span>\n\t\t<\/div>\n\t\t\t\t\t\t<\/div>\n\t\t\t\t\t<\/div>\n\t\t\t\t<\/div>\n\t\t<div class=\"elementor-element elementor-element-50ebe9a e-con-full e-flex e-con e-parent\" data-id=\"50ebe9a\" data-element_type=\"container\" data-e-type=\"container\" data-settings=\"{&quot;background_background&quot;:&quot;classic&quot;}\">\n\t\t<div class=\"elementor-element elementor-element-439abc7 e-con-full e-flex e-con e-child\" data-id=\"439abc7\" data-element_type=\"container\" data-e-type=\"container\">\n\t\t\t\t<div class=\"elementor-element elementor-element-ebf3c79 elementor-widget elementor-widget-heading\" data-id=\"ebf3c79\" data-element_type=\"widget\" data-e-type=\"widget\" data-widget_type=\"heading.default\">\n\t\t\t\t\t<h1 class=\"elementor-heading-title elementor-size-default\">Piezas originales con garant\u00eda<\/h1>\t\t\t\t<\/div>\n\t\t\t\t<div class=\"elementor-element elementor-element-8dadb37 elementor-widget elementor-widget-heading\" data-id=\"8dadb37\" data-element_type=\"widget\" data-e-type=\"widget\" data-widget_type=\"heading.default\">\n\t\t\t\t\t<h2 class=\"elementor-heading-title elementor-size-default\">Solo trabajamos con recambios oficiales AIXAM, dise\u00f1ados espec\u00edficamente para tu veh\u00edculo. Evita problemas futuros con piezas no homologadas<\/h2>\t\t\t\t<\/div>\n\t\t\t\t<\/div>\n\t\t<div class=\"elementor-element elementor-element-1eb96ab e-con-full e-flex e-con e-child\" data-id=\"1eb96ab\" data-element_type=\"container\" data-e-type=\"container\">\n\t\t\t\t<div class=\"elementor-element elementor-element-63af906 elementor-widget elementor-widget-image\" data-id=\"63af906\" data-element_type=\"widget\" data-e-type=\"widget\" data-widget_type=\"image.default\">\n\t\t\t\t\t\t\t\t\t\t\t\t\t\t\t<img fetchpriority=\"high\" decoding=\"async\" width=\"1024\" height=\"683\" src=\"https:\/\/micochesincarnet.es\/wp-content\/uploads\/2025\/09\/ChatGPT-Image-2-jun-2025-13_39_40-6-1024x683.png\" class=\"attachment-large size-large wp-image-232\" alt=\"\" srcset=\"https:\/\/micochesincarnet.es\/wp-content\/uploads\/2025\/09\/ChatGPT-Image-2-jun-2025-13_39_40-6-1024x683.png 1024w, https:\/\/micochesincarnet.es\/wp-content\/uploads\/2025\/09\/ChatGPT-Image-2-jun-2025-13_39_40-6-300x200.png 300w, https:\/\/micochesincarnet.es\/wp-content\/uploads\/2025\/09\/ChatGPT-Image-2-jun-2025-13_39_40-6-768x512.png 768w, https:\/\/micochesincarnet.es\/wp-content\/uploads\/2025\/09\/ChatGPT-Image-2-jun-2025-13_39_40-6.png 1536w\" sizes=\"(max-width: 1024px) 100vw, 1024px\" \/>\t\t\t\t\t\t\t\t\t\t\t\t\t\t\t<\/div>\n\t\t\t\t<\/div>\n\t\t\t\t<\/div>\n\t\t<div class=\"elementor-element elementor-element-f0fae68 e-con-full e-flex e-con e-parent\" data-id=\"f0fae68\" data-element_type=\"container\" data-e-type=\"container\" data-settings=\"{&quot;background_background&quot;:&quot;classic&quot;}\">\n\t\t<div class=\"elementor-element elementor-element-4edeaf4 e-con-full e-flex e-con e-child\" data-id=\"4edeaf4\" data-element_type=\"container\" data-e-type=\"container\">\n\t\t\t\t<div class=\"elementor-element elementor-element-d89ced3 elementor-widget elementor-widget-image\" data-id=\"d89ced3\" data-element_type=\"widget\" data-e-type=\"widget\" data-widget_type=\"image.default\">\n\t\t\t\t\t\t\t\t\t\t\t\t\t\t\t<img decoding=\"async\" width=\"1000\" height=\"705\" src=\"https:\/\/micochesincarnet.es\/wp-content\/uploads\/2025\/09\/Diseno-sin-titulo.jpg\" class=\"attachment-large size-large wp-image-342\" alt=\"\" srcset=\"https:\/\/micochesincarnet.es\/wp-content\/uploads\/2025\/09\/Diseno-sin-titulo.jpg 1000w, https:\/\/micochesincarnet.es\/wp-content\/uploads\/2025\/09\/Diseno-sin-titulo-300x212.jpg 300w, https:\/\/micochesincarnet.es\/wp-content\/uploads\/2025\/09\/Diseno-sin-titulo-768x541.jpg 768w\" sizes=\"(max-width: 1000px) 100vw, 1000px\" \/>\t\t\t\t\t\t\t\t\t\t\t\t\t\t\t<\/div>\n\t\t\t\t<\/div>\n\t\t<div class=\"elementor-element elementor-element-aea0ce0 e-con-full e-flex e-con e-child\" data-id=\"aea0ce0\" data-element_type=\"container\" data-e-type=\"container\">\n\t\t\t\t<div class=\"elementor-element elementor-element-e4e97d7 elementor-widget elementor-widget-heading\" data-id=\"e4e97d7\" data-element_type=\"widget\" data-e-type=\"widget\" data-widget_type=\"heading.default\">\n\t\t\t\t\t<h1 class=\"elementor-heading-title elementor-size-default\">Accesorios para personalizar tu veh\u00edculo<\/h1>\t\t\t\t<\/div>\n\t\t\t\t<div class=\"elementor-element elementor-element-0d4a008 elementor-widget elementor-widget-heading\" data-id=\"0d4a008\" data-element_type=\"widget\" data-e-type=\"widget\" data-widget_type=\"heading.default\">\n\t\t\t\t\t<h2 class=\"elementor-heading-title elementor-size-default\">\u00bfQuieres mejorar el confort o darle un toque m\u00e1s moderno a tu coche?\nDisponemos de accesorios est\u00e9ticos y funcionales: alfombrillas, carcasas, retrovisores, luces LED y m\u00e1s.<\/h2>\t\t\t\t<\/div>\n\t\t\t\t<\/div>\n\t\t\t\t<\/div>\n\t\t<div class=\"elementor-element elementor-element-c515391 e-con-full e-flex e-con e-parent\" data-id=\"c515391\" data-element_type=\"container\" data-e-type=\"container\" data-settings=\"{&quot;background_background&quot;:&quot;classic&quot;}\">\n\t\t<div class=\"elementor-element elementor-element-0e9b585 e-con-full e-flex e-con e-child\" data-id=\"0e9b585\" data-element_type=\"container\" data-e-type=\"container\">\n\t\t\t\t<div class=\"elementor-element elementor-element-ec9e964 elementor-widget elementor-widget-heading\" data-id=\"ec9e964\" data-element_type=\"widget\" data-e-type=\"widget\" data-widget_type=\"heading.default\">\n\t\t\t\t\t<h1 class=\"elementor-heading-title elementor-size-default\">Montaje en taller propio<\/h1>\t\t\t\t<\/div>\n\t\t\t\t<div class=\"elementor-element elementor-element-a50c348 elementor-widget elementor-widget-heading\" data-id=\"a50c348\" data-element_type=\"widget\" data-e-type=\"widget\" data-widget_type=\"heading.default\">\n\t\t\t\t\t<h2 class=\"elementor-heading-title elementor-size-default\">Nuestro equipo t\u00e9cnico puede instalar cualquier recambio o accesorio en nuestro taller especializado en cuadriciclos ligeros, sin necesidad de desplazamientos ni complicaciones.<\/h2>\t\t\t\t<\/div>\n\t\t\t\t<\/div>\n\t\t<div class=\"elementor-element elementor-element-a31d11d e-con-full e-flex e-con e-child\" data-id=\"a31d11d\" data-element_type=\"container\" data-e-type=\"container\">\n\t\t\t\t<div class=\"elementor-element elementor-element-620f06c elementor-widget elementor-widget-image\" data-id=\"620f06c\" data-element_type=\"widget\" data-e-type=\"widget\" data-widget_type=\"image.default\">\n\t\t\t\t\t\t\t\t\t\t\t\t\t\t\t<img decoding=\"async\" width=\"1024\" height=\"683\" src=\"https:\/\/micochesincarnet.es\/wp-content\/uploads\/2025\/09\/ChatGPT-Image-2-jun-2025-13_10_14-1024x683.png\" class=\"attachment-large size-large wp-image-242\" alt=\"\" srcset=\"https:\/\/micochesincarnet.es\/wp-content\/uploads\/2025\/09\/ChatGPT-Image-2-jun-2025-13_10_14-1024x683.png 1024w, https:\/\/micochesincarnet.es\/wp-content\/uploads\/2025\/09\/ChatGPT-Image-2-jun-2025-13_10_14-300x200.png 300w, https:\/\/micochesincarnet.es\/wp-content\/uploads\/2025\/09\/ChatGPT-Image-2-jun-2025-13_10_14-768x512.png 768w, https:\/\/micochesincarnet.es\/wp-content\/uploads\/2025\/09\/ChatGPT-Image-2-jun-2025-13_10_14.png 1536w\" sizes=\"(max-width: 1024px) 100vw, 1024px\" \/>\t\t\t\t\t\t\t\t\t\t\t\t\t\t\t<\/div>\n\t\t\t\t<\/div>\n\t\t\t\t<\/div>\n\t\t\t\t<\/div>\n\t\t","protected":false},"excerpt":{"rendered":"<p>Recambios \ud83e\udde9 Recambios y accesorios originales AIXAM En Miniautos Marcam disponemos de un amplio stock de recambios y accesorios originales [&hellip;]<\/p>\n","protected":false},"author":1,"featured_media":0,"parent":0,"menu_order":0,"comment_status":"closed","ping_status":"closed","template":"","meta":{"site-sidebar-layout":"no-sidebar","site-content-layout":"","ast-site-content-layout":"full-width-container","site-content-style":"default","site-sidebar-style":"default","ast-global-header-display":"","ast-banner-title-visibility":"","ast-main-header-display":"","ast-hfb-above-header-display":"","ast-hfb-below-header-display":"","ast-hfb-mobile-header-display":"","site-post-title":"disabled","ast-breadcrumbs-content":"","ast-featured-img":"disabled","footer-sml-layout":"","ast-disable-related-posts":"","theme-transparent-header-meta":"","adv-header-id-meta":"","stick-header-meta":"","header-above-stick-meta":"","header-main-stick-meta":"","header-below-stick-meta":"","astra-migrate-meta-layouts":"default","ast-page-background-enabled":"default","ast-page-background-meta":{"desktop":{"background-color":"var(--ast-global-color-5)","background-image":"","background-repeat":"repeat","background-position":"center center","background-size":"auto","background-attachment":"scroll","background-type":"","background-media":"","overlay-type":"","overlay-color":"","overlay-opacity":"","overlay-gradient":""},"tablet":{"background-color":"","background-image":"","background-repeat":"repeat","background-position":"center center","background-size":"auto","background-attachment":"scroll","background-type":"","background-media":"","overlay-type":"","overlay-color":"","overlay-opacity":"","overlay-gradient":""},"mobile":{"background-color":"","background-image":"","background-repeat":"repeat","background-position":"center center","background-size":"auto","background-attachment":"scroll","background-type":"","background-media":"","overlay-type":"","overlay-color":"","overlay-opacity":"","overlay-gradient":""}},"ast-content-background-meta":{"desktop":{"background-color":"var(--ast-global-color-4)","background-image":"","background-repeat":"repeat","background-position":"center center","background-size":"auto","background-attachment":"scroll","background-type":"","background-media":"","overlay-type":"","overlay-color":"","overlay-opacity":"","overlay-gradient":""},"tablet":{"background-color":"var(--ast-global-color-4)","background-image":"","background-repeat":"repeat","background-position":"center center","background-size":"auto","background-attachment":"scroll","background-type":"","background-media":"","overlay-type":"","overlay-color":"","overlay-opacity":"","overlay-gradient":""},"mobile":{"background-color":"var(--ast-global-color-4)","background-image":"","background-repeat":"repeat","background-position":"center center","background-size":"auto","background-attachment":"scroll","background-type":"","background-media":"","overlay-type":"","overlay-color":"","overlay-opacity":"","overlay-gradient":""}},"footnotes":""},"class_list":["post-871","page","type-page","status-publish","hentry"],"_links":{"self":[{"href":"https:\/\/micochesincarnet.es\/index.php?rest_route=\/wp\/v2\/pages\/871","targetHints":{"allow":["GET"]}}],"collection":[{"href":"https:\/\/micochesincarnet.es\/index.php?rest_route=\/wp\/v2\/pages"}],"about":[{"href":"https:\/\/micochesincarnet.es\/index.php?rest_route=\/wp\/v2\/types\/page"}],"author":[{"embeddable":true,"href":"https:\/\/micochesincarnet.es\/index.php?rest_route=\/wp\/v2\/users\/1"}],"replies":[{"embeddable":true,"href":"https:\/\/micochesincarnet.es\/index.php?rest_route=%2Fwp%2Fv2%2Fcomments&post=871"}],"version-history":[{"count":87,"href":"https:\/\/micochesincarnet.es\/index.php?rest_route=\/wp\/v2\/pages\/871\/revisions"}],"predecessor-version":[{"id":1159,"href":"https:\/\/micochesincarnet.es\/index.php?rest_route=\/wp\/v2\/pages\/871\/revisions\/1159"}],"wp:attachment":[{"href":"https:\/\/micochesincarnet.es\/index.php?rest_route=%2Fwp%2Fv2%2Fmedia&parent=871"}],"curies":[{"name":"wp","href":"https:\/\/api.w.org\/{rel}","templated":true}]}}